ulate the greatest common factor of 3026475 and 100.
25
Calculate the greatest common divisor of 318971 and 57647.
17
What is the highest common factor of 1061 and 25993439?
1061
What is the greatest common factor of 33540 and 147815252?
2236
Calculate the greatest common factor of 93 and 25518859.
31
Calculate the greatest common factor of 3988860 and 300.
60
Calculate the greatest common factor of 2502 and 377524.
278
Calculate the highest common divisor of 6402990 and 495.
165
Calculate the greatest common factor of 429066 and 342.
18
What is the highest common factor of 60554973 and 20415?
4083
What is the highest common factor of 8 and 30425128?
8
What is the greatest common divisor of 363 and 606518187?
363
Calculate the highest common divisor of 759 and 4539945597.
759
What is the highest common factor of 7 and 41241242?
7
Calculate the greatest common factor of 404804 and 9962.
34
Calculate the highest common factor of 21515 and 2867605.
65
What is the greatest common factor of 38902 and 2014?
106
What is the greatest common factor of 71844089 and 1?
1
Calculate the highest common factor of 405 and 8336385.
135
What is the greatest common factor of 824 and 11334326?
206
Calculate the highest common divisor of 400369 and 497.
71
Calculate the greatest common factor of 608 and 678908.
76
Calculate the highest common factor of 56851 and 216361.
409
What is the highest common factor of 116 and 19930656?
116
Calculate the highest common factor of 560184 and 6664.
136
What is the highest common divisor of 128 and 8405040?
16
What is the greatest common factor of 774 and 4557699?
387
Calculate the highest common divisor of 20 and 244770.
10
What is the highest common factor of 308 and 1024336?
4
Calculate the highest common factor of 1137234 and 9422.
14
What is the highest common divisor of 1166 and 216557?
11
Calculate the highest common divisor of 69785 and 1278910.
85
Calculate the highest common divisor of 8662 and 306436.
142
What is the greatest common factor of 1570836 and 2370?
474
Calculate the greatest common factor of 55313560 and 1168.
584
What is the greatest common factor of 31344270 and 6?
6
Calculate the greatest common divisor of 810 and 10905030.
810
Calculate the highest common factor of 6768516 and 26061.
51
What is the greatest common divisor of 1103 and 30049029?
1103
Calculate the greatest common factor of 83 and 961895964.
83
Calculate the highest common divisor of 609 and 285843894.
609
What is the greatest common factor of 2343 and 234861?
33
Calculate the highest common divisor of 353684 and 24824.
116
What is the highest common factor of 58 and 2120374?
2
What is the greatest common factor of 47265 and 1012432055?
15755
What is the greatest common divisor of 112380587 and 46739?
6677
Calculate the highest common factor of 4653976 and 1032.
344
Calculate the highest common factor of 776725110 and 54.
18
What is the greatest common divisor of 200753 and 1101611?
1687
Calculate the greatest common divisor of 93336052 and 27676.
2516
What is the highest common divisor of 1304 and 9523438?
326
What is the highest common factor of 117371091 and 170694?
9483
What is the highest common divisor of 552 and 419014?
46
Calculate the greatest common factor of 150054 and 976686.
534
Calculate the highest common divisor of 142532 and 1352.
52
Calculate the greatest common factor of 13264 and 5280730.
1658
Calculate the greatest common divisor of 1453865 and 1645.
35
Calculate the greatest common factor of 120795 and 4260.
15
Calculate the highest common divisor of 622 and 21793325.
311
Calculate the highest common divisor of 42509100 and 1300.
100
Calculate the highest common divisor of 33374 and 53468182.
3034
Calculate the greatest common factor of 191777 and 728986.
389
Calculate the highest common divisor of 42022037 and 5769.
641
What is the greatest common divisor of 24 and 39028428?
12
What is the highest common divisor of 11744496 and 240?
48
What is the highest common factor of 681588 and 60642?
54
What is the greatest common divisor of 147690523 and 2692?
673
Calculate the greatest common factor of 1570 and 393890235.
785
What is the highest common factor of 20634 and 3246?
6
What is the greatest common divisor of 41531300 and 109450?
9950
Calculate the highest common factor of 4293100 and 150.
50
Calculate the highest common divisor of 12754 and 2039729.
911
Calculate the greatest common factor of 154421550 and 9.
9
What is the highest common divisor of 605 and 107455?
5
What is the greatest common divisor of 22 and 88008701?
11
What is the highest common factor of 232998 and 736?
2
What is the greatest common divisor of 4468224 and 1056?
96
Calculate the greatest common factor of 36111288 and 60.
12
What is the greatest common factor of 115916872 and 29678?
2698
Calculate the greatest common factor of 15 and 440199345.
15
Calculate the greatest common factor of 2733297 and 345.
69
Calculate the highest common divisor of 986785029 and 9.
9
Calculate the greatest common divisor of 1843 and 524045992.
1843
What is the greatest common divisor of 18846564 and 88?
44
Calculate the greatest common factor of 32703543 and 2802.
1401
Calculate the highest common divisor of 29068 and 67964.
52
What is the greatest common factor of 22360066 and 4?
2
Calculate the greatest common factor of 1086438 and 4644.
258
What is the highest common divisor of 2666 and 14265766?
2666
What is the highest common divisor of 107718 and 15158?
26
Calculate the greatest common factor of 562628 and 3762.
418
What is the greatest common factor of 84 and 40413856?
28
What is the highest common factor of 112 and 84139608?
56
Calculate the highest common divisor of 392 and 33536188.
196
Calculate the highest common factor of 130 and 25260170.
130
What is the highest common factor of 3013552 and 141312?
368
Calculate the greatest common factor of 9025259 and 1544.
193
Calculate the greatest common factor of 113325 and 9990.
15
What is the greatest common factor of 15 and 16506510?
15
Calculate the greatest common divisor of 322 and 133265174.
322
What is the highest common factor of 41464 and 901112?
584
Calculate the highest common factor of 9738 and 2997681.
1623
Calculate the greatest common divisor of 1474433865 and 18.
9
Calculate the highest common factor of 56 and 283048136.
56
Calculate the greatest common divisor of 1025670512 and 6736.
6736
What is the greatest common divisor of 2008076 and 149524?
116
Calculate the greatest common divisor of 222 and 131970194.
74
Calculate the highest common divisor of 165 and 136879809.
33
What is the highest common factor of 1792963 and 426?
71
What is the highest common factor of 54951116 and 22?
22
What is the greatest common factor of 3991779 and 1980?
99
Calculate the greatest common divisor of 216 and 10634517.
27
Calculate the greatest common factor of 27632 and 6592.
16
What is the highest common divisor of 8921545 and 950?
95
What is the greatest common factor of 35763 and 327327?
273
What is the highest common factor of 305 and 522295?
5
Calculate the highest common factor of 47096 and 180628.
28
What is the highest common divisor of 79560754 and 37466?
3406
Calculate the highest common factor of 69832 and 273694054.
2494
What is the highest common factor of 199797 and 1059474?
1833
What is the greatest common factor of 1397 and 8633587?
127
Calculate the greatest common divisor of 722929 and 1975.
79
Calculate the highest common factor of 18 and 1448430894.
18
Calculate the highest common divisor of 265144 and 1090936.
2024
What is the greatest common divisor of 59166 and 8591526?
3114
Calculate the highest common divisor of 22642554 and 66.
66
What is the greatest common divisor of 12330202 and 85?
17
What is the highest common divisor of 1334 and 46452502?
46
Calculate the greatest common divisor of 87840 and 578736.
144
Calculate the highest common divisor of 12349365 and 75.
15
Calculate the greatest common factor of 11877 and 4206012.
111
What is the greatest common divisor of 51774278 and 10013?
589
What is the greatest common factor of 2555 and 17946685?
365
Calculate the greatest common factor of 12249738 and 2430.
54
What is the highest common factor of 47664 and 2459992?
2648
Calcul